{"id":5738,"date":"2023-11-23T10:52:37","date_gmt":"2023-11-23T16:52:37","guid":{"rendered":"https:\/\/grupoempresarialryo.com.mx\/academia\/?post_type=product&#038;p=5738"},"modified":"2024-06-19T12:36:30","modified_gmt":"2024-06-19T17:36:30","slug":"suscripcion-diplomado-en-ortopedia-maxilar","status":"publish","type":"product","link":"https:\/\/grupoempresarialryo.com.mx\/academia\/product\/suscripcion-diplomado-en-ortopedia-maxilar\/","title":{"rendered":"Suscripci\u00f3n Diplomado en Ortopedia Maxilar"},"content":{"rendered":"<p>Objetivo: Conocer\u00e1s la Ortopedia Dentofacial a profundidad para detectar y resolver las deformidades dentofaciales en el paciente en crecimiento y dentici\u00f3n mixta, mejorando no solo su situaci\u00f3n bucofacial sino tambi\u00e9n su entorno psico-social.<\/p>\n<p>Al finalizar, lograr\u00e1s identificar y tratar las patolog\u00edas del crecimiento de los maxilares, contar\u00e1s con un conocimiento profundo de los aparatos ortop\u00e9dicos y su aplicaci\u00f3n en la correcci\u00f3n de trastornos maxilares.<\/p>\n","protected":false},"excerpt":{"rendered":"<p>Al finalizar, lograr\u00e1s identificar y tratar las patolog\u00edas del crecimiento de los maxilares, contar\u00e1s con un conocimiento profundo de los aparatos ortop\u00e9dicos y su aplicaci\u00f3n en la correcci\u00f3n de trastornos maxilares.<\/p>\n","protected":false},"featured_media":5739,"comment_status":"open","ping_status":"closed","template":"","meta":{"_uag_custom_page_level_css":"","neve_meta_sidebar":"","neve_meta_container":"","neve_meta_enable_content_width":"off","neve_meta_content_width":100,"neve_meta_title_alignment":"","neve_meta_author_avatar":"","neve_post_elements_order":"","neve_meta_disable_header":"","neve_meta_disable_footer":"","neve_meta_disable_title":"","_themeisle_gutenberg_block_has_review":false},"product_brand":[],"product_cat":[105,166],"product_tag":[169],"class_list":{"0":"post-5738","1":"product","2":"type-product","3":"status-publish","4":"has-post-thumbnail","6":"product_cat-online","7":"product_cat-pago-mensual","8":"product_tag-ortopedia-maxilar","9":"post","11":"first","12":"instock","13":"virtual","14":"sold-individually","15":"taxable","16":"purchasable","17":"product-type-subscription"},"uagb_featured_image_src":{"full":["https:\/\/grupoempresarialryo.com.mx\/academia\/wp-content\/uploads\/2023\/11\/270fe71-dd1d-b4cb-b666-cfd357af8c1_mEPArb0DS7ekvFmfkbcH_ortopedia_maxilar_basic_1.webp",1280,720,false],"thumbnail":["https:\/\/grupoempresarialryo.com.mx\/academia\/wp-content\/uploads\/2023\/11\/270fe71-dd1d-b4cb-b666-cfd357af8c1_mEPArb0DS7ekvFmfkbcH_ortopedia_maxilar_basic_1-150x150.webp",150,150,true],"medium":["https:\/\/grupoempresarialryo.com.mx\/academia\/wp-content\/uploads\/2023\/11\/270fe71-dd1d-b4cb-b666-cfd357af8c1_mEPArb0DS7ekvFmfkbcH_ortopedia_maxilar_basic_1-300x169.webp",300,169,true],"medium_large":["https:\/\/grupoempresarialryo.com.mx\/academia\/wp-content\/uploads\/2023\/11\/270fe71-dd1d-b4cb-b666-cfd357af8c1_mEPArb0DS7ekvFmfkbcH_ortopedia_maxilar_basic_1-768x432.webp",768,432,true],"large":["https:\/\/grupoempresarialryo.com.mx\/academia\/wp-content\/uploads\/2023\/11\/270fe71-dd1d-b4cb-b666-cfd357af8c1_mEPArb0DS7ekvFmfkbcH_ortopedia_maxilar_basic_1-1024x576.webp",1024,576,true],"course_archive_thumbnail":["https:\/\/grupoempresarialryo.com.mx\/academia\/wp-content\/uploads\/2023\/11\/270fe71-dd1d-b4cb-b666-cfd357af8c1_mEPArb0DS7ekvFmfkbcH_ortopedia_maxilar_basic_1-100x56.webp",100,56,true],"course_single_thumbnail":["https:\/\/grupoempresarialryo.com.mx\/academia\/wp-content\/uploads\/2023\/11\/270fe71-dd1d-b4cb-b666-cfd357af8c1_mEPArb0DS7ekvFmfkbcH_ortopedia_maxilar_basic_1-100x56.webp",100,56,true],"lesson_archive_thumbnail":["https:\/\/grupoempresarialryo.com.mx\/academia\/wp-content\/uploads\/2023\/11\/270fe71-dd1d-b4cb-b666-cfd357af8c1_mEPArb0DS7ekvFmfkbcH_ortopedia_maxilar_basic_1-100x56.webp",100,56,true],"lesson_single_thumbnail":["https:\/\/grupoempresarialryo.com.mx\/academia\/wp-content\/uploads\/2023\/11\/270fe71-dd1d-b4cb-b666-cfd357af8c1_mEPArb0DS7ekvFmfkbcH_ortopedia_maxilar_basic_1-100x56.webp",100,56,true],"1536x1536":["https:\/\/grupoempresarialryo.com.mx\/academia\/wp-content\/uploads\/2023\/11\/270fe71-dd1d-b4cb-b666-cfd357af8c1_mEPArb0DS7ekvFmfkbcH_ortopedia_maxilar_basic_1.webp",1280,720,false],"2048x2048":["https:\/\/grupoempresarialryo.com.mx\/academia\/wp-content\/uploads\/2023\/11\/270fe71-dd1d-b4cb-b666-cfd357af8c1_mEPArb0DS7ekvFmfkbcH_ortopedia_maxilar_basic_1.webp",1280,720,false],"neve-blog":["https:\/\/grupoempresarialryo.com.mx\/academia\/wp-content\/uploads\/2023\/11\/270fe71-dd1d-b4cb-b666-cfd357af8c1_mEPArb0DS7ekvFmfkbcH_ortopedia_maxilar_basic_1-930x620.webp",930,620,true],"woocommerce_thumbnail":["https:\/\/grupoempresarialryo.com.mx\/academia\/wp-content\/uploads\/2023\/11\/270fe71-dd1d-b4cb-b666-cfd357af8c1_mEPArb0DS7ekvFmfkbcH_ortopedia_maxilar_basic_1-300x180.webp",300,180,true],"woocommerce_single":["https:\/\/grupoempresarialryo.com.mx\/academia\/wp-content\/uploads\/2023\/11\/270fe71-dd1d-b4cb-b666-cfd357af8c1_mEPArb0DS7ekvFmfkbcH_ortopedia_maxilar_basic_1-600x338.webp",600,338,true],"woocommerce_gallery_thumbnail":["https:\/\/grupoempresarialryo.com.mx\/academia\/wp-content\/uploads\/2023\/11\/270fe71-dd1d-b4cb-b666-cfd357af8c1_mEPArb0DS7ekvFmfkbcH_ortopedia_maxilar_basic_1-100x100.webp",100,100,true],"dgwt-wcas-product-suggestion":["https:\/\/grupoempresarialryo.com.mx\/academia\/wp-content\/uploads\/2023\/11\/270fe71-dd1d-b4cb-b666-cfd357af8c1_mEPArb0DS7ekvFmfkbcH_ortopedia_maxilar_basic_1-64x36.webp",64,36,true]},"uagb_author_info":{"display_name":"Ing Mario","author_link":"https:\/\/grupoempresarialryo.com.mx\/academia\/author\/"},"uagb_comment_info":0,"uagb_excerpt":"Al finalizar, lograr\u00e1s identificar y tratar las patolog\u00edas del crecimiento de los maxilares, contar\u00e1s con un conocimiento profundo de los aparatos ortop\u00e9dicos y su aplicaci\u00f3n en la correcci\u00f3n de trastornos maxilares.","_links":{"self":[{"href":"https:\/\/grupoempresarialryo.com.mx\/academia\/wp-json\/wp\/v2\/product\/5738","targetHints":{"allow":["GET"]}}],"collection":[{"href":"https:\/\/grupoempresarialryo.com.mx\/academia\/wp-json\/wp\/v2\/product"}],"about":[{"href":"https:\/\/grupoempresarialryo.com.mx\/academia\/wp-json\/wp\/v2\/types\/product"}],"replies":[{"embeddable":true,"href":"https:\/\/grupoempresarialryo.com.mx\/academia\/wp-json\/wp\/v2\/comments?post=5738"}],"version-history":[{"count":0,"href":"https:\/\/grupoempresarialryo.com.mx\/academia\/wp-json\/wp\/v2\/product\/5738\/revisions"}],"wp:featuredmedia":[{"embeddable":true,"href":"https:\/\/grupoempresarialryo.com.mx\/academia\/wp-json\/wp\/v2\/media\/5739"}],"wp:attachment":[{"href":"https:\/\/grupoempresarialryo.com.mx\/academia\/wp-json\/wp\/v2\/media?parent=5738"}],"wp:term":[{"taxonomy":"product_brand","embeddable":true,"href":"https:\/\/grupoempresarialryo.com.mx\/academia\/wp-json\/wp\/v2\/product_brand?post=5738"},{"taxonomy":"product_cat","embeddable":true,"href":"https:\/\/grupoempresarialryo.com.mx\/academia\/wp-json\/wp\/v2\/product_cat?post=5738"},{"taxonomy":"product_tag","embeddable":true,"href":"https:\/\/grupoempresarialryo.com.mx\/academia\/wp-json\/wp\/v2\/product_tag?post=5738"}],"curies":[{"name":"wp","href":"https:\/\/api.w.org\/{rel}","templated":true}]}}